e the prime factors of 125045567?
125045567
List the prime factors of 48319127.
67, 721181
What are the prime factors of 73389148?
2, 7, 103, 25447
List the prime factors of 1153460974.
2, 59, 9775093
List the prime factors of 38691697.
11, 3517427
What are the prime factors of 46113710?
2, 5, 53, 167, 521
List the prime factors of 595413470.
2, 5, 59541347
List the prime factors of 412094230.
2, 5, 19, 2168917
List the prime factors of 1481811714.
2, 3, 113, 728521
List the prime factors of 16071111.
3, 7, 255097
List the prime factors of 6961842345.
3, 5, 19, 2687, 9091
What are the prime factors of 213049809?
3, 7, 3381743
List the prime factors of 32525754.
2, 3, 199, 27241
What are the prime factors of 128200590?
2, 3, 5, 7, 29, 2339
List the prime factors of 536627228.
2, 134156807
List the prime factors of 644126884.
2, 161031721
What are the prime factors of 1510750495?
5, 1861, 162359
List the prime factors of 644185057.
644185057
What are the prime factors of 392539622?
2, 17, 337, 34259
What are the prime factors of 40273225?
5, 163, 9883
What are the prime factors of 1507069374?
2, 3, 1721, 145949
What are the prime factors of 3712818?
2, 3, 179, 3457
What are the prime factors of 51007788?
2, 3, 13, 108991
What are the prime factors of 4322069989?
4322069989
List the prime factors of 143267097.
3, 47755699
List the prime factors of 90580395.
3, 5, 271, 22283
What are the prime factors of 36051122?
2, 61, 461, 641
List the prime factors of 73753386.
2, 3, 7, 643, 2731
What are the prime factors of 6337620623?
6337620623
What are the prime factors of 2528121890?
2, 5, 7, 36116027
List the prime factors of 4688196050.
2, 5, 59, 1589219
What are the prime factors of 106482948?
2, 3, 11, 13, 62053
List the prime factors of 25794689.
25794689
What are the prime factors of 433878250?
2, 5, 13, 17, 7853
What are the prime factors of 93287637?
3, 10365293
What are the prime factors of 55850505?
3, 5, 433, 8599
List the prime factors of 1696352062.
2, 661, 1283171
List the prime factors of 44767670.
2, 5, 4476767
List the prime factors of 56509286.
2, 37, 181, 4219
List the prime factors of 155811380.
2, 5, 7790569
List the prime factors of 191276209.
5387, 35507
List the prime factors of 2231873176.
2, 13, 29, 740011
List the prime factors of 78356552.
2, 9794569
List the prime factors of 210873176.
2, 1381, 19087
List the prime factors of 3613117946.
2, 29, 62295137
What are the prime factors of 13854645?
3, 5, 7, 181
List the prime factors of 50865869.
19, 2677151
List the prime factors of 494313545.
5, 11, 8987519
List the prime factors of 23100980.
2, 5, 7, 157, 1051
List the prime factors of 358398510.
2, 3, 5, 79, 97, 1559
What are the prime factors of 337345338?
2, 3, 11, 464663
What are the prime factors of 744705019?
19, 61, 271, 2371
List the prime factors of 488753666.
2, 244376833
What are the prime factors of 6353119065?
3, 5, 43, 313, 31469
List the prime factors of 72860400.
2, 3, 5, 37, 547
What are the prime factors of 2976708186?
2, 3, 165372677
What are the prime factors of 3524713477?
3524713477
List the prime factors of 142470712.
2, 17808839
What are the prime factors of 1500405338?
2, 19, 39484351
List the prime factors of 50712837.
3, 7, 2414897
What are the prime factors of 25664374?
2, 12832187
What are the prime factors of 4533339342?
2, 3, 7, 277, 389663
List the prime factors of 2242420995.
3, 5, 23, 41, 47, 3373
List the prime factors of 1927149849.
3, 73, 2933257
List the prime factors of 41731958.
2, 47, 109, 4073
List the prime factors of 832775648.
2, 113, 230303
What are the prime factors of 27257686?
2, 79, 172517
What are the prime factors of 2304024788?
2, 13, 47, 942727
List the prime factors of 1499864519.
6269, 239251
What are the prime factors of 5797136834?
2, 31, 93502207
List the prime factors of 120161059.
120161059
List the prime factors of 361293548.
2, 7, 11, 1039, 1129
What are the prime factors of 2097726093?
3, 587, 44119
What are the prime factors of 94404089?
13, 1489, 4877
List the prime factors of 827827282.
2, 1609, 257249
What are the prime factors of 2551335485?
5, 19, 26856163
What are the prime factors of 148030143?
3, 433, 113957
List the prime factors of 44907091.
44907091
List the prime factors of 40755450.
2, 3, 5, 271703
What are the prime factors of 2616489559?
31, 79, 509, 2099
What are the prime factors of 244657149?
3, 11, 17, 109, 4001
List the prime factors of 2186435903.
5099, 428797
What are the prime factors of 128728528?
2, 8045533
List the prime factors of 215366617.
881, 244457
What are the prime factors of 88651162?
2, 307, 144383
What are the prime factors of 2397803482?
2, 313, 3830357
List the prime factors of 45367537.
43, 659, 1601
What are the prime factors of 2799922?
2, 83, 101, 167
List the prime factors of 148697599.
23, 307, 21059
What are the prime factors of 85126302?
2, 3, 71, 2467
List the prime factors of 2334556817.
43, 467, 116257
List the prime factors of 118095164.
2, 11, 2683981
What are the prime factors of 1710320896?
2, 6680941
List the prime factors of 1192771711.
29, 43, 956513
What are the prime factors of 3275073018?
2, 3, 7, 17, 1528979
What are the prime factors of 53057832?
2, 3, 2210743
List the prime factors of 2580531794.
2, 1290265897
List the prime factors of 31925353.
1039, 30727
List the prime factors of 33178716.
2, 3, 563, 1637
List the prime factors of 345936394.
2, 317, 545641
List the prime factors of 1357584479.
277, 919, 5333
List the prime factors of 23896169.
11, 17, 11617
List the prime factors of 363830620.
2, 5, 19, 37, 113, 229
List the prime factors of 33880841.
4481, 7561
List the prime factors of 159761027.
53, 163, 18493
List the prime factors of 7326078974.
2, 17, 215472911
What are the prime factors of 575590141?
7, 82227163
List the prime factors of 150236572.
2, 19, 1976797
What are the prime factors of 39541181?
29, 1363489
What are the prime factors of 753781575?
3, 5, 37, 61, 73
List the prime factors of 6376763.
6376763
What are the prime factors of 9034555?
5, 41, 44071
List the prime factors of 269823511.
23, 29, 404533
What are the prime factors of 892037564?
2, 11, 29, 699089
What are the prime factors of 39791037?
3, 11, 13, 92753
List the prime factors of 616175425.
5, 127, 194071
List the prime factors of 293173129.
71, 4129199
What are the prime factors of 3394391656?
2, 424298957
List the prime factors of 202986552.
2, 3, 1303, 6491
List the prime factors of 17409136.
2, 1088071
List the prime factors of 40338758.
2, 20169379
What are the prime factors of 882396888?
2, 3, 151, 243487
What are the prime factors of 56687088?
2, 3, 23, 51347
What are the prime factors of 71243157?
3, 1549, 15331
List the prime factors of 12458888.
2, 13, 119797
List the prime factors of 4700051.
1721, 2731
What are the prime factors of 176895298?
2, 37, 2390477
What are the prime factors of 1849411493?
19, 1201, 81047
What are the prime factors of 4885964273?
4885964273
List the prime factors of 30651993.
3, 521, 2179
What are the prime factors of 145424910?
2, 3, 5, 4847497
What are the prime factors of 48322074?
2, 3, 37, 217667
What are the prime factors of 90249128?
2, 11281141
List the prime factors of 57132338.
2, 439, 65071
What are the prime factors of 103628719?
17, 6095807
List the prime factors of 472733304.
2, 3, 19697221
What are the prime factors of 127304538?
2, 3, 31, 684433
List the prime factors of 286103354.
2, 251, 569927
List the prime factors of 22980394.
2, 11490197
What are the prime factors of 12973306?
2, 6486653
List the prime factors of 33879228.
2, 3, 2823269
List the prime factors of 148249767.
3, 43, 127, 9049
List the prime factors of 2497610.
2, 5, 379, 659
What are the prime factors of 62007494?
2, 23, 1347989
What are the prime factors of 1373770757?
1489, 922613
What are the prime factors of 5410577218?
2, 19, 41, 3472771
What are the prime factors of 31268962?
2, 1801, 8681
List the prime factors of 240821520.
2, 3, 5, 797, 1259
List the prime factors of 58983853.
113, 521981
List the prime factors of 7835855212.
2, 1958963803
List the prime factors of 7013574.
2, 3, 23, 5647
What are the prime factors of 39741706?
2, 3319, 5987
List the prime factors of 487033188.
2, 3